t q = l + -122. List the prime factors of q.
7
Let o be 1*(-342)/(-21)*14. Suppose -o = -32*u + 28*u. What are the prime factors of u?
3, 19
Suppose s = 6*s + 245. Let r = -29 - s. What are the prime factors of r?
2, 5
Let h(w) = w**3 - 4*w**2 + 2*w + 3. Let a be h(3). Suppose -i - 3*y + 5*y + 330 = 0, a = -i - 2*y + 318. Suppose -8*k = -228 - i. List the prime factors of k.
3, 23
Suppose -2*b - 15 = -61. Let n = b - 17. Suppose -f - 84 = -5*f + 5*o, f = 5*o + n. What are the prime factors of f?
2, 13
Let l = -10 + 10. Suppose l = -5*f - 2*k + 661, 3*f - 523 = 3*k - 118. Suppose 18 = -5*w + f. List the prime factors of w.
23
Let f be (154/66 - 4/(-6))*1. Suppose j + 0*t + 3*t + 55 = 0, 4*j + 5*t + 199 = 0. List the prime factors of (12/(-8))/(f/j).
23
Suppose -4*d - 10 = -4*v + 14, 0 = -v - d + 4. Suppose 0 = -3*b + g - 4*g + 60, 106 = v*b + 2*g. List the prime factors of b.
2, 11
Suppose 1625 = 3*j + 245. List the prime factors of j.
2, 5, 23
Suppose 223 = 10*v - 27. What are the prime factors of (-3)/15 - (-4430)/v?
3, 59
Let y = 1529 + -1022. What are the prime factors of y?
3, 13
Let n(s) = -201*s. Let f be n(-2). Let v = -139 + f. List the prime factors of v.
263
Let b = 7070 - 2609. List the prime factors of b.
3, 1487
Let j = 66 - 7. Suppose p - j = -4*u, u + 251 = 5*p - u. List the prime factors of p.
3, 17
Suppose -13*i - 64 = -17*i. What are the prime factors of (i + -12)*(1 - -18)?
2, 19
Let m(z) = 9*z - 9. Suppose 2*c + 5*l = 1 - 20, 2*l + 16 = 2*c. Suppose 0 = -4*o + 3*o + c. What are the prime factors of m(o)?
2, 3
Let x = 8 + -9. Let s be (x + 4)*(-60)/(-36). Let d = s + 7. List the prime factors of d.
2, 3
Let t(x) = -31*x**3 - x**2 - 14*x - 23. What are the prime factors of t(-3)?
7, 11
Let j be 90 + -5 + 12/4. Let h = 50 + j. What are the prime factors of h?
2, 3, 23
Suppose -10*o + 16*o - 1176 = 0. Let i = -89 + o. What are the prime factors of i?
107
List the prime factors of 50/70 + -1 + 6724/14.
2, 3, 5
Let o(k) = -3*k**2 - 7*k - 1. Let g(x) = -x**2 - x. Let j(a) = 2*g(a) - o(a). Let d = 174 + -184. List the prime factors of j(d).
3, 17
Let s(d) be the third derivative of d**2 + 0*d - 1/24*d**4 + 7/6*d**3 + 0 + 1/60*d**5. List the prime factors of s(5).
3
Let p(d) = -3*d + d + d + 15 + 0*d. Let f be p(11). Suppose -f*x + 40 = -128. What are the prime factors of x?
2, 3, 7
Suppose -2153 = -5*q + f, -12*q + 9*q = f - 1287. List the prime factors of q.
2, 5, 43
Let x = -7 - -9. Suppose -x*t - 1 = 3, 2*y + 4*t - 214 = 0. What are the prime factors of y?
3, 37
Suppose -j + 4*o = 175, -5*o = -4*j + 3*j - 170. Let h = 300 + j. List the prime factors of h.
3, 5, 7
Suppose 0 = -2*b - 2*l + 4216, -32*b - 5*l = -35*b + 6332. List the prime factors of b.
3, 19, 37
Let a = 1373 - 743. Suppose 232*c + a = 237*c. List the prime factors of c.
2, 3, 7
Suppose 0 = 10*k - 12541 + 3091. List the prime factors of k.
3, 5, 7
List the prime factors of 316/36 - 9 - 26212/(-18).
2, 7, 13
List the prime factors of -6*6483/(-81) - 2/9.
2, 3, 5
Let n(u) = -u**3 - 8*u**2 - 20*u - 3. List the prime factors of n(-6).
3, 5
Let p(j) = 10*j - 2. Let f be p(-6). Let z = 79 + f. List the prime factors of z.
17
Suppose -4200 = -4*y + 65*r - 70*r, -5*r = 5*y - 5250. What are the prime factors of y?
2, 3, 5, 7
Let r(q) = 0*q + 9 - 6 + 9*q - 5*q**2 + 5. Let j(i) = -i**2 + i + 1. Let d(h) = -6*j(h) + r(h). What are the prime factors of d(-4)?
2, 3
Let x(h) = h**3 - 5*h**2 - 4*h. Let n be x(6). Let w(u) = u**3 - 13*u**2 + 15*u + 6. What are the prime factors of w(n)?
2, 3, 7
Suppose 6*d - 5*v - 30 = d, v = 2*d - 8. Suppose -6 = -d*k + 20. What are the prime factors of k?
13
Suppose -6 = -2*v + 3*a, 13*v = 14*v + 3*a - 3. Suppose -v*t - s + 6*s = -138, -2*t + 114 = 4*s. What are the prime factors of t?
3, 17
Suppose 2*a + 924 = 2*b - 108, 2*a - 1028 = -2*b. What are the prime factors of b?
5, 103
Let y = -5049 + -1093. Let v be y/(-12) - (-4)/24. Suppose 2*r - v = -6*r. List the prime factors of r.
2
Suppose 5*k - 4*k = -q - 3, -5*k + 49 = -3*q. Let z be (2 - q) + -4 - -3. Let j = z - -51. What are the prime factors of j?
2, 3, 5
Let g = 1376 + -921. List the prime factors of g.
5, 7, 13
Let s be (-1)/(4/(-11)) + 1/4. Suppose -s*g + 91 = -2*g. List the prime factors of g.
7, 13
Let b be -1 - (3 - (6 - -2)). Suppose -8*k + b*k = 2*g - 196, -2*k + 3*g = -82. What are the prime factors of k?
47
Let f(o) = -o**3 + 9*o**2 - 3*o - 9. Let g be f(9). Let u = -18 - g. Suppose -2*c + 3*c - 2*t = u, 0 = 5*t. List the prime factors of c.
2, 3
Suppose -2*s - 3*g + 10440 = 3*s, -3*g = -2*s + 4197. List the prime factors of s.
3, 17, 41
Let b(d) = d**3 - 8*d**2 - 6*d + 10. Let q be b(4). Let a = 209 + q. List the prime factors of a.
131
Suppose 3*b - 10369 = -5*a, b = a + 966 - 3043. What are the prime factors of a?
5, 83
Suppose 9*t - 4*t + 220 = 0. Let j be t/3 + (-3)/9. Let u = j + 29. List the prime factors of u.
2, 7
Let b = -3729 - -8978. List the prime factors of b.
29, 181
Suppose -766 = -4*w + 386. Suppose -9*t + w = -5*t. What are the prime factors of t?
2, 3
Let b = -356 - -1266. What are the prime factors of b?
2, 5, 7, 13
Let w(k) = -255*k + 210. What are the prime factors of w(-8)?
2, 3, 5
Suppose -16*y = -13*y. Suppose y = 5*t + z - 714, t = -4*z - 90 + 248. List the prime factors of t.
2, 71
Let h be (-7 - -2) + 304/2. Suppose -h = -y + 89. List the prime factors of y.
2, 59
Let n(a) = 30*a + 22. List the prime factors of n(19).
2, 37
Let x(z) be the first derivative of -9/2*z**2 - 7 - 8*z. What are the prime factors of x(-5)?
37
Suppose 30 = -5*w + b, 0 = 5*w - 3*b + 18 + 12. Let x be ((-182)/w)/((-6)/18). What are the prime factors of 3/(-1) + x/(-7)?
2, 5
Let x(s) = -2*s**3 + 7*s**2 - 4*s - 1. Let g be x(3). List the prime factors of (-1*1)/(g + (-3180)/(-796)).
199
Suppose 2*o - 121 = 3*o. Let w = o - -255. What are the prime factors of w?
2, 67
List the prime factors of 850 + (3 - (-9 + 16)).
2, 3, 47
Suppose -28*l + 30518 = -2438. What are the prime factors of l?
11, 107
Let g = 54 - 54. Suppose 47 = 5*j + 3*c, g = -5*j + 7*c - 4*c + 23. List the prime factors of j.
7
List the prime factors of (-268)/(-2)*(1 - (-25)/10).
7, 67
Let x be 0/(-6)*((-15)/6 - -2). Let n = 19 - x. List the prime factors of n.
19
Let y(m) = -23*m + 208. What are the prime factors of y(0)?
2, 13
Suppose -9*c + 1349 = -8*c + 5*z, z = 2*c - 2654. List the prime factors of c.
3, 443
Suppose 4*q = 20, 0*r - 4*r + 2*q - 34 = 0. List the prime factors of 2*r/(-4) + -14 + 129.
2, 59
Let w(b) = b**2 + 2*b - 4*b + 9 - 7*b. Let y be w(8). Let q = y - -20. What are the prime factors of q?
3, 7
Let f = 4 - -2. Let r(k) be the third derivative of -k**5/60 + k**4/3 + k**3 + 42*k**2. What are the prime factors of r(f)?
2, 3
Let d(t) = -33 - 45*t + 13 + 11 + 12. What are the prime factors of d(-4)?
3, 61
Let o = -438 + 730. List the prime factors of o.
2, 73
Let c = 509 + -208. List the prime factors of c.
7, 43
Let a(k) be the second derivative of 0 + 1/2*k**2 + 19/6*k**3 - 7*k. What are the prime factors of a(1)?
2, 5
Let q(t) = 4*t**3 - 8*t**2 - 5*t + 11. Suppose -24 = -6*z + z + g, -4*z + 2*g + 18 = 0. What are the prime factors of q(z)?
2, 11, 13
What are the prime factors of 6/15*(182 - (-7)/(-1))?
2, 5, 7
What are the prime factors of (53/2)/((-10)/(-1220))?
53, 61
Let u(v) = -4 + 5 + v + 5. Let f be u(9). Suppose -f = -r + 8. List the prime factors of r.
23
Let p(d) = d**3 + 8*d**2 + 5*d - 4. Let s be p(-7). Suppose s*z - 2 = 9*z. Suppose -5*y + 224 = z*y. List the prime factors of y.
2
Let u = 1090 - 501. List the prime factors of u.
19, 31
Let v(o) = 2*o + 149*o**2 - 3*o + 10 + 0*o - 148*o**2. What are the prime factors of v(-10)?
2, 3, 5
Let x(q) = -149*q**3 - 6*q**2 - 2*q - 2. List the prime factors of x(-2).
2, 3, 5, 13
Let j(c) be the third derivative of -c**4/24 + 5*c**3/3 + 5*c**2. Let n be j(13). List the prime factors of n/9*2*-3.
2
Let t(q) = 24*q + 360. What are the prime factors of t(16)?
2, 3, 31
Let q(x) = -44*x - 407. List the prime factors of q(-44).
11, 139
Let a(n) = n - 9*n**2 + 3*n**2 + 7*n**3 + 7*n**3 + 5*n**2. What are the prime factors of a(1)?
2, 7
Let j be ((-2540)/(-6))/((-19)/(-3) + -6). Suppose -2*m - j = -7*m - 5*s, 3*s = -4*m + 1014. What are the prime fa